). Determine o(y).
3
Let w(b) = -b**3 - 5*b**2 + 9*b + 6. Let m(i) = -10*i**2 - 23*i + 1. Let n(h) = 4*h**2 + 8*h. Let z(p) = -3*m(p) - 8*n(p). Let o be z(3). Calculate w(o).
-12
Let l(r) = r**2 + 5*r - 6. Suppose 16 + 34 = 2*a. Let n = a + -28. Let c(g) = g**3 + 3*g**2 + 2*g. Let z be c(n). Give l(z).
0
Let v(g) = 8*g**2 + 19*g + 28. Let z(f) = f**2 + 1. Let o(x) = -v(x) + 7*z(x). Give o(0).
-21
Let y(t) = t**2 + 15*t + 48. Suppose 0 = -478*j + 516*j + 570. What is y(j)?
48
Let n(d) = -11*d**3 - 11*d**2 - 11*d - 19. Let a be (1/(2 - 1))/(3/12). Let g(z) = -5*z**3 - 6*z**2 - 6*z - 9. Let k(q) = a*n(q) - 9*g(q). Calculate k(-9).
-4
Let k(l) = -1 + 2*l + 8*l - 4*l. Let d = 731 - 502. Let r = 227 - d. Determine k(r).
-13
Let a(j) = 30*j**2 + 47*j - 93. Let t(h) = 37*h**2 + 45*h - 94. Let v(i) = 5*a(i) - 4*t(i). Give v(-29).
-2
Let i(g) = 4 - 2715*g**2 - 20 - 31*g - 2*g**3 + 2718*g**2 + 3*g**3. What is i(-7)?
5
Let n(x) = x**3 - 4*x**2 - 7*x + 4. Suppose -b = 4*m + b + 52, 0 = -3*b + 12. Let k be 7 + -5*(-6)/m. Give n(k).
-6
Let l(h) = h**3 + 28*h**2 - 61*h - 22. Let t = -226 - -196. Let n be l(t). Let w(c) = c + 7. Calculate w(n).
15
Let q(b) = -b**2 + b + 7. Let s(d) = 4*d**3 + d**2 - 3*d + 2. Suppose -2*f + 10*k - 7*k = 1, -5*f + 5*k = 0. Let i be s(f). Give q(i).
-5
Let i = -9 + 11. Let o(m) = -m**2 - 13*m + 20. Let j(n) = n**2 + 6*n - 9. Let y(f) = -7*j(f) - 3*o(f). Calculate y(i).
-19
Let c(r) = r + 34. Suppose 0 = -2*z - 15*p + 14*p - 25, 0 = -z - 2*p - 20. What is c(z)?
24
Suppose 5*c + 5*v - 3*v = -71, 0 = 4*c - v + 49. Let r(x) = 3*x + 42. Let f be r(c). Let m(h) = -28*h**f + 11*h - 31*h + 20*h + 1. Determine m(-1).
29
Let m(l) = -24*l + 47. Let o = -2499 - -2501. What is m(o)?
-1
Suppose -u - 5*u - 18 = 0. Let k be (-45)/25*10/u. Let l(s) = s - 2. Calculate l(k).
4
Suppose 3*w - 3 = 2*w. Let o(v) = -4*v + 1 - 2 - 4*v**w + 3*v**3 + 4 + 7*v**2. Let i(c) = -56*c + 118. Let y be i(2). Give o(y).
15
Let j(r) = 31*r + 12. Let d(w) = -67*w - 27. Let l(c) = 4*d(c) + 9*j(c). Let o(u) = -u**3 + 6*u**2 - 6*u + 4. Suppose 19 = 3*a + 4. Let t be o(a). Give l(t).
-11
Let i(a) = -4*a**3 - 34*a**2 - 12*a + 42. Let u(k) = 3*k**3 + 25*k**2 + 9*k - 31. Let w(g) = -8*i(g) - 11*u(g). What is w(-4)?
33
Let s(j) = 5*j**2 + 20*j + 49. Let n(u) = u**2 + 1. Let l(g) = 6*n(g) - s(g). Let p = 518251 + -518229. Give l(p).
1
Let o be (-2 + 0 - 7)*(-9)/(37 - 10). Let j(p) = -4*p**2 + 4*p - 3. Determine j(o).
-27
Let o be (58443/136367)/((-6)/154 + 0). Let p(h) = h - 2. Let g be p(4). Let x(j) = -g*j + j + 2*j + 11. Determine x(o).
0
Let f(h) = -h - 11. Let r = 1484 - 1473. Determine f(r).
-22
Suppose 2*l + 2 = -3*k, -42*l = 4*k - 38*l. Let p(o) = -5*o**2 - 2*o. Give p(k).
-16
Let n(o) be the third derivative of o**6/30 - o**4/12 + o**3/6 - 5*o**2. Let m be 7/(56/104) - 12. What is n(m)?
3
Let t(y) = -2*y**2 - 12*y - 2. Suppose -78 = 8*h + 5*h. Let w be t(h). Let s(j) = -10*j - 2. Let u(o) = -5*o - 1. Let n(x) = 4*s(x) - 9*u(x). Determine n(w).
-9
Let a(x) = 8 - 2*x + 0*x + 10*x + 16. Give a(-5).
-16
Let s(y) = -2*y**3 + 9*y**2 + 28*y - 85. Let b be s(3). Let x(u) be the third derivative of 0 + 0*u - 1/2*u**3 - b*u**2 + 1/4*u**4. Give x(3).
15
Suppose -6*q + 76 = -10*q. Let o(u) = -u - 7. Let k be o(q). Let f(c) = c**2 - 11*c - 14. Let p be f(k). Let t(b) = 2*b**2 + 2*b + 1. What is t(p)?
5
Suppose 0 = -4*d + 12 + 4. Suppose 2*j - j - 2*n = 5, j + d*n = 5. Suppose 4*f - 9*f + 5*o = -j, 2*f - 37 = -5*o. Let w(p) = -p**2 + 5*p - 4. Determine w(f).
-10
Let b(d) = -d**3 - 9*d**2 - 9*d + 60. Let y be b(-5). Let v(z) = -z**2 - 26. Calculate v(y).
-51
Let f(b) be the third derivative of b**4/12 - 31*b**3/6 + 51146*b**2. Suppose 3 - 15 = -t. Determine f(t).
-7
Let r(d) = -d**2 - 3*d + 1. Let b = 303 + -305. Let m(s) = s**2 + 11*s - 3. Let c(v) = b*r(v) - m(v). Calculate c(6).
7
Let g = -514 + 516. Let t(r) = 190 - 191 - 3*r**2 + 0*r + g*r. Let i = 0 + 2. What is t(i)?
-9
Let p = 35601 + -35562. Let g(t) = 26*t - 1013. Determine g(p).
1
Let i be ((-6)/4)/((11 - 9)/(-4)). Let y(a) = -2*a + 62*a**3 - 123*a**3 - 2 + i*a + 63*a**3. Let c be 1/(-1) - (-4 + 1). Give y(c).
16
Let m(v) = 291*v**2 - 27*v + 7. Let d(n) = -232*n**2 + 28*n - 7. Let f(i) = 5*d(i) + 4*m(i). Give f(-8).
-7
Let n = -1956 + 1960. Let w(v) be the second derivative of -7/6*v**3 - 1/12*v**n + 13/2*v**2 - 2*v + 0. Calculate w(-9).
-5
Let r(w) = -4*w**2 - 5*w - 30. Let i(d) be the first derivative of d**3/3 + d**2 + 9*d - 70. Let g(n) = -7*i(n) - 2*r(n). Calculate g(5).
2
Let t(s) = 26*s**2 - 2*s. Let b(r) = 71*r + 924. Let k be b(-13). Give t(k).
24
Let n(x) = 12 + 11 - 8*x + x - 19 + x**2. Calculate n(10).
34
Let t = 353 - 352. Let s(u) = -t + 509*u - 256*u - 257*u. What is s(-3)?
11
Let y(o) = o**2 + 4*o + 5. Let b = -89 - -104. Suppose 7*p + b - 50 = 0. Suppose 14 = -p*t - 6. Give y(t).
5
Suppose -4*o + 4*s = 36, 0 = 2*s - 4 - 2. Let c(t) be the second derivative of 1/2*t**3 + 2*t - 7/2*t**2 + 1/12*t**4 - 9. Give c(o).
11
Let r = -538 + 542. Let l(c) = -3*c**2 + 35*c + 21. Let s(u) = -4*u**2 + 39*u + 21. Let y(k) = r*s(k) - 5*l(k). Determine y(-17).
13
Let d(s) = -s**2 - 5*s - 1. Let g = 354 + -339. Let a be ((-18)/g)/((-2)/5) + -10. Calculate d(a).
-15
Suppose 3*t - 7*t - f = -17, -3*t = -5*f - 7. Suppose -t*g + c = -27, 2 + 4 = -2*c. Let j(o) be the first derivative of o**3/3 - 2*o**2 - 16. What is j(g)?
12
Let f(r) = -r**3 - 4*r**2 + r + 1. Suppose -111 = -2*x + 5*t, 2*t = 2*x - 51 - 75. Let l be (-2)/(-5) - x/(-5). Let k = 10 - l. What is f(k)?
-3
Let r(i) = -i**2 + 7*i + 12 - 5 - 12. Let f(z) = z**2 + 5*z + 1. Let y be f(-2). Let c = 1 - y. Determine r(c).
1
Let f(a) = -15*a - 747. Let w be f(-50). Let g(z) be the second derivative of -z**5/10 + z**4/4 + 2*z**3/3 - z**2 + 5*z. Calculate g(w).
-17
Suppose -j = -4 - 4. Let z(k) = -40 - 6*k + k**2 + 39 + k**3 + 5*k. Let f(w) = 3*w**3 - 5*w**2 - 8*w - 6. Let s(h) = -f(h) + 2*z(h). Calculate s(j).
-12
Let h(x) = 37*x - 303. Suppose 631*q - 48 = 313*q + 312*q. Determine h(q).
-7
Let i be 1/((-21)/(-18) - 1). Let o be ((-1)/6)/1 - 11430/(-540). Let a(h) = -h - o + 15 + 8. Calculate a(i).
-4
Let z(c) = 4*c + 4 - 24*c**2 + 21*c**2 - 3. Let f = 101 + -97. Let o be (f + 7/(-2))*6. What is z(o)?
-14
Let x(w) = w - 4. Let d(f) = f. Let b(z) = 2*d(z) - x(z). Let h(i) = -14*i + 511. Let j be h(36). Give b(j).
11
Suppose -h - 60 = -a + 2*h, 0 = 3*a - h - 220. Let l = 53 - a. Let i be 99/l*4/3. Let v(d) = d + 2. What is v(i)?
-4
Let v(w) = -2 + 2 - 6*w - 27 + 2*w. Suppose -10*x = x + 88. Let q be v(x). Let z(d) = 4*d - 7. Calculate z(q).
13
Let a(p) be the second derivative of -p**4/12 + p**3/3 - 2*p**2 - 2120*p. What is a(5)?
-19
Let d(c) = -5*c - 9. Suppose -4*a = -3*a + 5, 4*y - a + 23 = 0. What is d(y)?
26
Let b(m) = m**2 - 17*m + 8. Let s(o) = -6*o**2 - 381*o - 175. Let c be s(-63). Give b(c).
-34
Let f(w) be the second derivative of 5/2*w**2 - 1/20*w**5 + 0 - 11/12*w**4 - 1/6*w**3 - 199*w. Calculate f(-11).
16
Let f(w) be the third derivative of -2*w**2 - 6 - 1/3*w**3 + 0*w**4 + 1/120*w**6 + 1/60*w**5 + 0*w. Determine f(-2).
-6
Suppose 178*y = 1037 - 4597. Let l(k) be the first derivative of k**2/2 + 16*k - 2. Calculate l(y).
-4
Let h(j) be the second derivative of 0 + 1/120*j**6 + 4*j**2 - 19*j - 5/3*j**3 + 0*j**5 + 0*j**4. Let m(i) be the first derivative of h(i). Determine m(0).
-10
Suppose -5 = -i + 5*z, 2*i = 4*z + 6 - 8. Let p(q) = -3. Let n(c) = c - 13. Let f(s) = 4*n(s) - 18*p(s). Give f(i).
-18
Let k be (-152)/(-2) + 0 + 0. Let i(y) = 73*y - y**2 - 3*y**3 + 1 + 4*y**3 - k*y. Calculate i(2).
-1
Let u(w) = -w**2 - 17*w - 27. Let g be u(-15). Let k(a) = -a + 2. Let m(n) = -n + 2. Let r = 13 + -8. Let j(o) = r*m(o) - 4*k(o). Give j(g).
-1
Let s(d) be the second derivative of -d**3/2 + 42*d**2 - d - 17. Determine s(28).
0
Let w(t) = 17*t + 105. Let j be w(-6). Suppose 17 - 3 = 5*u - 3*n, j*n = 4*u - 13. Let v(k) = -10*k**3 - 2*k**2 + 2*k - 1. Give v(u).
-11
Let m(t) = t**2 + 7*t + 4. Let y(u) = -2*u**2 - 43*u + 96. Let b be y(-23). Suppose -10*h - b = 3. Determine m(h).
-8
Let u be 2106/(-108)*2/(-1). Suppose 2*m + 11 = -9. Let y be 12/m*(-1 + u/(-6)). Let g(c) = -c**2 + 10*c - 11. What is g(y)?
-2
Let s(q) be the first derivative of q**5/40 - q**4/8 - 34*q*